{"id":610,"date":"2020-10-20T15:53:43","date_gmt":"2020-10-20T18:53:43","guid":{"rendered":"http:\/\/hsllaboratorio.com.br\/?page_id=610"},"modified":"2021-01-12T11:10:19","modified_gmt":"2021-01-12T14:10:19","slug":"orcamento","status":"publish","type":"page","link":"https:\/\/hsllaboratorio.com.br\/index.php\/orcamento\/","title":{"rendered":"Or\u00e7amento"},"content":{"rendered":"\t\t<div data-elementor-type=\"wp-page\" data-elementor-id=\"610\" class=\"elementor elementor-610\" data-elementor-settings=\"[]\">\n\t\t\t\t\t\t<div class=\"elementor-inner\">\n\t\t\t\t\t\t\t<div class=\"elementor-section-wrap\">\n\t\t\t\t\t\t\t<section class=\"elementor-section elementor-top-section elementor-element elementor-element-569af11d elementor-section-boxed elementor-section-height-default elementor-section-height-default\" data-id=\"569af11d\" data-element_type=\"section\">\n\t\t\t\t\t\t<div class=\"elementor-container elementor-column-gap-default\">\n\t\t\t\t\t\t\t<div class=\"elementor-row\">\n\t\t\t\t\t<div class=\"elementor-column elementor-col-100 elementor-top-column elementor-element elementor-element-2fa7160f\" data-id=\"2fa7160f\" data-element_type=\"column\">\n\t\t\t<div class=\"elementor-column-wrap elementor-element-populated\">\n\t\t\t\t\t\t\t<div class=\"elementor-widget-wrap\">\n\t\t\t\t\t\t<div class=\"elementor-element elementor-element-010978e elementor-widget elementor-widget-html\" data-id=\"010978e\" data-element_type=\"widget\" data-widget_type=\"html.default\">\n\t\t\t\t<div class=\"elementor-widget-container\">\n\t\t\t<!-- Event snippet for Website traffic conversion page -->\r\n<script>\r\n  gtag('event', 'conversion', {'send_to': 'AW-853056051\/BxHCCOGfz-YBELO04pYD'});\r\n<\/script>\r\n\t\t<\/div>\n\t\t\t\t<\/div>\n\t\t\t\t<div class=\"elementor-element elementor-element-64f3f160 elementor-widget elementor-widget-text-editor\" data-id=\"64f3f160\" data-element_type=\"widget\" data-widget_type=\"text-editor.default\">\n\t\t\t\t<div class=\"elementor-widget-container\">\n\t\t\t\t\t<div class=\"elementor-text-editor elementor-clearfix\"><!-- wp:shortcode -->\n<div class=\"everest-forms\"><div class=\"evf-container default\" id=\"evf-620\"><form id=\"evf-form-620\" class=\"everest-form\" data-formid=\"620\" data-ajax_submission=\"0\" data-keyboard_friendly_form=\"0\" method=\"post\" enctype=\"multipart\/form-data\" action=\"\/index.php\/wp-json\/wp\/v2\/pages\/610\"><div class=\"evf-field-container\"><input type=\"hidden\" id=\"_wpnonce620\" name=\"_wpnonce620\" value=\"afeafb6b39\" \/><input type=\"hidden\" name=\"_wp_http_referer\" value=\"\/index.php\/wp-json\/wp\/v2\/pages\/610\" \/><div class=\"evf-frontend-row\" data-row=\"row_1\" conditional_rules=\"[]\"><div class=\"evf-frontend-grid evf-grid-1\" data-grid=\"grid_1\"><div id=\"evf-620-field_lVizlNhYus-1-container\" class=\"evf-field evf-field-text form-row\" data-field-id=\"lVizlNhYus-1\"><label class=\"evf-field-label\" for=\"evf-620-field_lVizlNhYus-1\"><span class=\"evf-label\">Nome<\/span> <\/label><input type=\"text\" id=\"evf-620-field_lVizlNhYus-1\" class=\"input-text\" name=\"everest_forms[form_fields][lVizlNhYus-1]\" ><\/div><div id=\"evf-620-field_UkSDOIpfh9-8-container\" class=\"evf-field evf-field-last-name form-row\" data-field-id=\"UkSDOIpfh9-8\"><label class=\"evf-field-label\" for=\"evf-620-field_UkSDOIpfh9-8\"><span class=\"evf-label\">Telefone<\/span> <\/label><input type=\"text\" id=\"evf-620-field_UkSDOIpfh9-8\" class=\"input-text\" name=\"everest_forms[form_fields][UkSDOIpfh9-8]\" ><\/div><div id=\"evf-620-field_XYnMdkQDKM-3-container\" class=\"evf-field evf-field-email form-row validate-email\" data-field-id=\"XYnMdkQDKM-3\"><label class=\"evf-field-label\" for=\"evf-620-field_XYnMdkQDKM-3\"><span class=\"evf-label\">Email<\/span> <\/label><input type=\"email\" id=\"evf-620-field_XYnMdkQDKM-3\" class=\"input-text\" name=\"everest_forms[form_fields][XYnMdkQDKM-3]\"  ><\/div><div id=\"evf-620-field_sOAJfxP1Lf-7-container\" class=\"evf-field evf-field-checkbox form-row\" data-field-id=\"sOAJfxP1Lf-7\"><label class=\"evf-field-label\" for=\"evf-620-field_sOAJfxP1Lf-7\"><span class=\"evf-label\">Selecione o Assunto em Interesse<\/span> <\/label><ul id=\"evf-620-field_sOAJfxP1Lf-7\"><li class=\"choice-1 depth-1\"><input type=\"checkbox\" id=\"evf-620-field_sOAJfxP1Lf-7_1\" class=\"input-text\" name=\"everest_forms[form_fields][sOAJfxP1Lf-7][]\" value=\"An\u00e1lise de Microbiologia e Fisicoqu\u00edmica de \u00c1gua\"  ><label class=\"everest-forms-field-label-inline\" for=\"evf-620-field_sOAJfxP1Lf-7_1\">An\u00e1lise de Microbiologia e Fisicoqu\u00edmica de \u00c1gua<\/label><\/li><li class=\"choice-2 depth-1\"><input type=\"checkbox\" id=\"evf-620-field_sOAJfxP1Lf-7_2\" class=\"input-text\" name=\"everest_forms[form_fields][sOAJfxP1Lf-7][]\" value=\"An\u00e1lise de Poluentes em Solo\"  ><label class=\"everest-forms-field-label-inline\" for=\"evf-620-field_sOAJfxP1Lf-7_2\">An\u00e1lise de Poluentes em Solo<\/label><\/li><li class=\"choice-3 depth-1\"><input type=\"checkbox\" id=\"evf-620-field_sOAJfxP1Lf-7_3\" class=\"input-text\" name=\"everest_forms[form_fields][sOAJfxP1Lf-7][]\" value=\"An\u00e1lise de Cosm\u00e9ticos\"  ><label class=\"everest-forms-field-label-inline\" for=\"evf-620-field_sOAJfxP1Lf-7_3\">An\u00e1lise de Cosm\u00e9ticos<\/label><\/li><li class=\"choice-4 depth-1\"><input type=\"checkbox\" id=\"evf-620-field_sOAJfxP1Lf-7_4\" class=\"input-text\" name=\"everest_forms[form_fields][sOAJfxP1Lf-7][]\" value=\"An\u00e1lise de Microbiologia de Alimentos\"  ><label class=\"everest-forms-field-label-inline\" for=\"evf-620-field_sOAJfxP1Lf-7_4\">An\u00e1lise de Microbiologia de Alimentos<\/label><\/li><li class=\"choice-6 depth-1\"><input type=\"checkbox\" id=\"evf-620-field_sOAJfxP1Lf-7_6\" class=\"input-text\" name=\"everest_forms[form_fields][sOAJfxP1Lf-7][]\" value=\"An\u00e1lises para Agricultura\"  ><label class=\"everest-forms-field-label-inline\" for=\"evf-620-field_sOAJfxP1Lf-7_6\">An\u00e1lises para Agricultura<\/label><\/li><li class=\"choice-5 depth-1\"><input type=\"checkbox\" id=\"evf-620-field_sOAJfxP1Lf-7_5\" class=\"input-text\" name=\"everest_forms[form_fields][sOAJfxP1Lf-7][]\" value=\"Consultoria\"  ><label class=\"everest-forms-field-label-inline\" for=\"evf-620-field_sOAJfxP1Lf-7_5\">Consultoria<\/label><\/li><\/ul><\/div><div id=\"evf-620-field_YalaPcQ0DO-4-container\" class=\"evf-field evf-field-textarea form-row\" data-field-id=\"YalaPcQ0DO-4\"><label class=\"evf-field-label\" for=\"evf-620-field_YalaPcQ0DO-4\"><span class=\"evf-label\">Mensagem<\/span> <\/label><textarea id=\"evf-620-field_YalaPcQ0DO-4\" class=\"input-text\" name=\"everest_forms[form_fields][YalaPcQ0DO-4]\"  ><\/textarea><\/div><\/div><\/div><\/div><div class=\"evf-honeypot-container evf-field-hp\"><label for=\"evf-620-field-hp\" class=\"evf-field-label\">Name<\/label><input type=\"text\" name=\"everest_forms[hp]\" id=\"evf-620-field-hp\" class=\"input-text\"><\/div><div class=\"evf-submit-container \" ><input type=\"hidden\" name=\"everest_forms[id]\" value=\"620\"><input type=\"hidden\" name=\"everest_forms[author]\" value=\"1\"><button type='submit' name='everest_forms[submit]' class='everest-forms-submit-button button evf-submit ' id='evf-submit-620' value='evf-submit' data-process-text=\"Processing\u2026\" conditional_rules='&quot;&quot;' conditional_id='evf-submit-620'  id=\"evf-submit-620\" aria-live=\"assertive\">Submit<\/button><\/div><\/form><\/div><!-- .evf-container --><\/div>\n<!-- \/wp:shortcode -->\n\n<!-- wp:paragraph -->\n<p><\/p>\n<!-- \/wp:paragraph --><\/div>\n\t\t\t\t<\/div>\n\t\t\t\t<\/div>\n\t\t\t\t\t\t<\/div>\n\t\t\t\t\t<\/div>\n\t\t<\/div>\n\t\t\t\t\t\t\t\t<\/div>\n\t\t\t\t\t<\/div>\n\t\t<\/section>\n\t\t\t\t\t\t<\/div>\n\t\t\t\t\t\t<\/div>\n\t\t\t\t\t<\/div>\n\t\t","protected":false},"excerpt":{"rendered":"","protected":false},"author":1,"featured_media":0,"parent":0,"menu_order":0,"comment_status":"closed","ping_status":"open","template":"","meta":{"footnotes":""},"class_list":["post-610","page","type-page","status-publish","hentry"],"_links":{"self":[{"href":"https:\/\/hsllaboratorio.com.br\/index.php\/wp-json\/wp\/v2\/pages\/610","targetHints":{"allow":["GET"]}}],"collection":[{"href":"https:\/\/hsllaboratorio.com.br\/index.php\/wp-json\/wp\/v2\/pages"}],"about":[{"href":"https:\/\/hsllaboratorio.com.br\/index.php\/wp-json\/wp\/v2\/types\/page"}],"author":[{"embeddable":true,"href":"https:\/\/hsllaboratorio.com.br\/index.php\/wp-json\/wp\/v2\/users\/1"}],"replies":[{"embeddable":true,"href":"https:\/\/hsllaboratorio.com.br\/index.php\/wp-json\/wp\/v2\/comments?post=610"}],"version-history":[{"count":6,"href":"https:\/\/hsllaboratorio.com.br\/index.php\/wp-json\/wp\/v2\/pages\/610\/revisions"}],"predecessor-version":[{"id":798,"href":"https:\/\/hsllaboratorio.com.br\/index.php\/wp-json\/wp\/v2\/pages\/610\/revisions\/798"}],"wp:attachment":[{"href":"https:\/\/hsllaboratorio.com.br\/index.php\/wp-json\/wp\/v2\/media?parent=610"}],"curies":[{"name":"wp","href":"https:\/\/api.w.org\/{rel}","templated":true}]}}